. Let y = m + 89. Let o = -34 + y. What are the prime factors of o?
2
Suppose -2*u - 360 = -14*u. List the prime factors of u.
2, 3, 5
Let y(q) = -8*q**3 + q**2 + q. Let b be y(-1). List the prime factors of b/2 + 31 + 3.
2, 19
Suppose 1 + 7 = 4*h - 2*q, h + 2*q - 7 = 0. Let b = -2 + h. List the prime factors of b + (2 - 1) - -3.
5
Let x be (-1 + 9)*-1*-1. Let c(w) = 3*w - 3. What are the prime factors of c(x)?
3, 7
What are the prime factors of ((-6)/(-4))/((-15)/(-240))?
2, 3
Suppose 0 = -0*m - 4*m + 44. Let d be 1 + -3 + 3/(-1). Let j = m + d. List the prime factors of j.
2, 3
Suppose -2*f - f = -45. Let j be (-8)/6 + 5/f. List the prime factors of 5 + j + 0 + 1.
5
Let z(w) = w**2 - 2*w + 6. Let n(h) = -11*h + h**2 + 10*h + 2 + 5. Let i(c) = -3*n(c) + 4*z(c). List the prime factors of i(5).
3
Let u(q) be the first derivative of -1 + 1/3*q**3 - 7*q + 2*q**2. List the prime factors of u(-6).
5
Suppose -5*x - 39 = -3*r - 12, -5*x = 2*r + 7. Let s be (-40)/2*4/8. Let j = r - s. List the prime factors of j.
2, 7
Let v(h) = 6*h**2 - h. Let f be v(1). Let x = 0 + f. Suppose 0 = -x*m + 2*m + 12, -2*j + 2 = -3*m. What are the prime factors of j?
7
Let g = -7 - -3. What are the prime factors of g/(-10) - (-232)/20?
2, 3
Let f(a) = a**2 + 5*a + 4. Let t be f(-4). Suppose -20 = -0*o - o + 2*j, 3*o - j - 35 = t. List the prime factors of o.
2, 5
Suppose -3 = -2*o + 33. What are the prime factors of o?
2, 3
Let o be (-1)/(-3)*(2 + 49). What are the prime factors of o + 1 - 1 - -4?
3, 7
Let d be (-5 - -4)/(1/1). Let f be (d - 0) + (-1 - -1). List the prime factors of ((-10)/2 - f)*-1.
2
Suppose 5*z = 4*y - 229 - 26, 4*y - 228 = -4*z. What are the prime factors of y?
2, 3, 5
Suppose -8*k + 6*k = -200. List the prime factors of k.
2, 5
What are the prime factors of (19/2)/(((-4)/104)/(-1))?
13, 19
Let m(r) = -r + 10. Let u be m(5). Let p = -3 + u. Suppose -p*d + 13 = -7. What are the prime factors of d?
2, 5
Suppose -1 = 2*y - 19. Suppose -y = g - 11. List the prime factors of g.
2
Let d(w) = 17*w**2 + w. Let z be d(-1). Suppose 4*t - 3 = 2*b - b, 4*b = 2*t + z. Suppose t = 2*v - 14. What are the prime factors of v?
2
Suppose -t - 88 = -3*t. Suppose -2*y + 93 = 3*b, -5*b + t = -4*b + 5*y. What are the prime factors of b?
29
Let s = 139 + -70. List the prime factors of s.
3, 23
Suppose -i - 5 = 0, 4*j + 3*i = -1 + 10. List the prime factors of j.
2, 3
Let n = 5 + -1. Let m = 4 - n. List the prime factors of (-10)/(m + 2 - 4).
5
Let h(u) = u**2 - u. Let m be h(0). Suppose m = -5*k + 5*g + 20, k = 2*k - 2*g - 8. Suppose k = 2*d - d - 2. List the prime factors of d.
2
Let s = -16 - -12. What are the prime factors of (1 + 6)/((-2)/s)?
2, 7
Let x(i) = 5*i. Let t be x(-5). Suppose -3*h + 78 = -5*d - 6*h, 2*d = 4*h - 26. Let a = d - t. What are the prime factors of a?
2, 5
Suppose 3*q = 7 + 11. List the prime factors of (-2)/q - (-136)/12.
11
Suppose 0 = 2*n - 7*n + 170. List the prime factors of -1 - n*2/(-4).
2
What are the prime factors of 12/(-8)*840/(-9)?
2, 5, 7
Let a = 5 + -12. Let d(w) = -w**2 + 6*w + 4. Let v be d(5). Let k = a + v. What are the prime factors of k?
2
Let i = 348 - 213. List the prime factors of i.
3, 5
Let o(q) = 2*q + 1. Let n be o(1). Suppose n*g + 13 = 1. Let u(d) = -d**3 - 3*d**2 + d - 1. List the prime factors of u(g).
11
Let s(h) = -3 - 2*h + 4 + 10*h + 7 - h**2. What are the prime factors of s(8)?
2
Let g(b) = -b**2 + 3*b. Let j be g(3). Suppose j = 2*x + 3*x - 10. Suppose x*o - 24 = -o. List the prime factors of o.
2
Let j(r) be the second derivative of -r**4/12 + r**3/6 + 6*r**2 - 3*r. What are the prime factors of j(0)?
2, 3
Let c(x) = -x**2 + 5*x + 4. Let v be c(5). Suppose 0 = f - v - 7. What are the prime factors of f?
11
Suppose -19 = -5*c - 4*t, -3*t = 4*c + 2*t - 17. Suppose -2*y + p - c*p = -6, 4*y = 2*p + 30. What are the prime factors of 11*(-3)/y*-2?
11
List the prime factors of (-472)/(1 + -5) - -5.
3, 41
Suppose 0 = -4*g + 3*a + 2 + 5, -11 = -5*g + 3*a. Suppose -g*s + 19 = l + 6, s - 19 = 5*l. What are the prime factors of s?
2
Let i(n) = -3*n**2 + 2*n - 1. Let s(r) = r**3 + r**2 + r + 1. Let j(g) = i(g) - s(g). Let k be j(-4). List the prime factors of (18/(-4))/(3/k).
3
Let c(w) = 4*w**3 - w + 1. What are the prime factors of c(1)?
2
Let p(b) = b**2 + 8*b - 9. Let v be p(-9). Suppose v*w + 65 = 5*w. List the prime factors of w.
13
Let z(n) = 0 + n - 6 + 5. List the prime factors of z(6).
5
Suppose 44 - 126 = -l. Suppose -2*k + l = -3*t - 8, 2*t + 60 = 4*k. What are the prime factors of ((-8)/(-6))/((-4)/t)?
2, 5
Suppose 3*d - 1 = 11. Suppose 8 + 11 = 4*k + o, -d*k + 5*o + 25 = 0. List the prime factors of k*(24/15 - 1).
3
Let y = -11 - -6. Let u = y - -9. Suppose 4 + 4 = u*a. What are the prime factors of a?
2
Let j(h) = -2*h**3 - 6*h**2 + h + 5. Let t be j(-4). Suppose -6*i = -3*i - t. What are the prime factors of i?
11
Let b(h) = h**2 + h + 1. Let j(p) = -4*p**2 - 12*p - 2. Let g(r) = 3*b(r) + j(r). What are the prime factors of g(-7)?
3, 5
Suppose 0 = -4*r - 2*q - 4, -r - 18 = -3*q - 3. Let y be (-17)/1 - (0 + r). Let n = -9 - y. What are the prime factors of n?
5
Let a(z) = z**3 + 8*z**2 + 4. Let f be a(-8). Suppose f*m - 80 = 4*w, 5*m + w = -w + 86. Suppose 2 = -4*u + m. List the prime factors of u.
2
Suppose -4*f + 6 = -14. List the prime factors of f.
5
Suppose 0 = 12*h - 10*h - 14. Suppose 225 = 5*g + 2*a - h*a, 5*a = -5*g + 215. Suppose -4*k + g + 4 = 0. List the prime factors of k.
2, 3
Let o(p) = 3*p + 1. Suppose 0 = -2*t - 0*t + 18. List the prime factors of o(t).
2, 7
Let g be (0 - 2) + 9 - 0. Suppose 5*s + 33 = 2*j - 0*j, -4*j + 26 = -2*s. Let o = j + g. List the prime factors of o.
11
Suppose -4*o = -f - 708 + 179, -3*o - 4*f = -392. List the prime factors of o.
2, 3, 11
Let j(c) = -c**2 + 10*c - 6. Let w be j(9). Let h be w + -2 - -1 - 0. What are the prime factors of ((-23)/h + 3)*-2?
17
Suppose 816 = 4*h - u, 0 = -2*h - 3*u - u + 408. What are the prime factors of h?
2, 3, 17
Suppose 76 = 3*q + 4*a, -4*q + 5*a + 149 + 4 = 0. List the prime factors of q.
2
Let u(l) = 10*l. Let i be u(1). Suppose -2*x = -7*x + i. Suppose 8 = 2*k, -k + 24 = x*r + 2*k. What are the prime factors of r?
2, 3
Let y = -17 - -57. Suppose -5*o - 3*l + 255 = 0, y = o + 2*l - 11. What are the prime factors of o?
3, 17
Let o = -135 - -167. What are the prime factors of o?
2
Let a(u) = -u**2 + u + 1. Let v(d) = -3*d**2 + 10*d - 2. Let l(m) = -4*a(m) + v(m). What are the prime factors of l(-9)?
3, 7
Suppose 4*l = 3*v, 3*v - v - 8 = 0. Suppose -l*w - 12 = 3*h, h - 4*w + 28 = -1. Let y(j) = -j**3 - 9*j**2 + j + 11. What are the prime factors of y(h)?
2
Let p(f) be the third derivative of f**6/20 + f**5/60 + f**4/24 - f**3/6 + 6*f**2. List the prime factors of p(1).
7
Let u = 47 + -42. What are the prime factors of u?
5
Let q(u) = -6*u - 22. List the prime factors of q(-10).
2, 19
List the prime factors of ((-64)/(-10))/((-8)/1300*-5).
2, 13
Let l(o) = -o**2 + 3. Let z be l(-3). Let a(j) = 2*j + 1 - 4 - 3*j. List the prime factors of a(z).
3
Suppose -v + 5 = -0*v. Suppose 2*h = 5*w, -v*h - 2 + 27 = 0. List the prime factors of 11/w + (-2)/(-4).
2, 3
Let g be ((-4)/(-8))/(2/12). Suppose g*h = -9 - 3, 2*s = 3*h + 8. What are the prime factors of (1/2)/(s/(-32))?
2
Let m be ((-55)/10)/((-1)/6). Let j = 50 - m. List the prime factors of j.
17
List the prime factors of 2 + -5 - -2 - -3.
2
Suppose -15 = -5*t - 5. Let b(i) = i**2 - 6*i + 5. Let g be b(5). Suppose -t*q + 0*r = 2*r - 8, g = -5*q + 5*r + 70. List the prime factors of q.
3
Suppose -3*n + 140 = -196. What are the prime factors of n?
2, 7
Let z = -10 - -20. Suppose -3*k - z - 8 = 0. List the prime factors of (-28)/k - 4/6.
2
Suppose 2*t + 3*l + 123 = 5*t, 3*t - 151 = -4*l. List the prime factors of t.
3, 5
Suppose 3*m - 113 - 274 = 0. Suppose -9*r + 6*r + m = 0. What are the prime factors of r?
43
Suppose 0 = 2*q - 6 - 2. Suppose -b = q*b - 20. Suppose s - j = -2*s + 22, -j = -b*s + 29. What are the prime factors of s?
7
Let z be 7609/77 + 4/22. Suppose -5*i + 61 = -z. What are the prime factors of i?
2
Let b(g) = 10*g - 1. Let m be b(1). Suppose 3*z + 0*z = -2*i - 23, 5*z = i - 21. Let l = m + i. What are the prime factors of l?
5
Let u be ((-1)/(-2))/(2/20). Suppose 5*b 